{"id":13,"date":"2023-08-24T17:33:45","date_gmt":"2023-08-24T17:33:45","guid":{"rendered":"https:\/\/lcpbuldana.ac.in\/?page_id=13"},"modified":"2025-11-25T13:39:56","modified_gmt":"2025-11-25T13:39:56","slug":"home","status":"publish","type":"page","link":"https:\/\/lcpbuldana.ac.in\/","title":{"rendered":"Home"},"content":{"rendered":"\t\t<div data-elementor-type=\"wp-page\" data-elementor-id=\"13\" class=\"elementor elementor-13\">\n\t\t\t\t\t\t<section class=\"elementor-section elementor-top-section elementor-element elementor-element-1a5c4cff elementor-section-boxed elementor-section-height-default elementor-section-height-default\" data-id=\"1a5c4cff\" data-element_type=\"section\">\n\t\t\t\t\t\t<div class=\"elementor-container elementor-column-gap-default\">\n\t\t\t\t\t<div class=\"elementor-column elementor-col-100 elementor-top-column elementor-element elementor-element-22e1040c\" data-id=\"22e1040c\" data-element_type=\"column\">\n\t\t\t<div class=\"elementor-widget-wrap elementor-element-populated\">\n\t\t\t\t\t\t<div class=\"elementor-element elementor-element-5739d2a elementor-widget elementor-widget-text-editor\" data-id=\"5739d2a\" data-element_type=\"widget\" data-widget_type=\"text-editor.default\">\n\t\t\t\t<div class=\"elementor-widget-container\">\n\t\t\t\t\t\t\t\t\t<p><span style=\"color: #404040; font-family: 'Courier 10 Pitch', Courier, monospace; font-size: 15.3px; white-space-collapse: preserve; background-color: #f5f8fa;\"><div class='marquee-hsas-shortcode-96' style='width: 100%;overflow: hidden;'><a style=\"text-decoration: none;\" href=\"https:\/\/lcpbuldana.ac.in\/wp-content\/uploads\/2025\/09\/B.-Pharm-Add-2023-24-Word.pdf\" target=\"_self\"><span style=\"color: blue;\">Admission<\/span><\/a><\/div><script>jQuery(function(){jQuery('.marquee-hsas-shortcode-96').marquee({allowCss3Support: true,css3easing: 'linear',easing: 'linear',delayBeforeStart: 2000,direction: 'left',duplicated: true,duration: 10000,gap: 700,pauseOnCycle: true,pauseOnHover: true,startVisible: true});});<\/script><\/span><\/p>\t\t\t\t\t\t\t\t<\/div>\n\t\t\t\t<\/div>\n\t\t\t\t<div class=\"elementor-element elementor-element-8887cc5 elementor-widget elementor-widget-text-editor\" data-id=\"8887cc5\" data-element_type=\"widget\" data-widget_type=\"text-editor.default\">\n\t\t\t\t<div class=\"elementor-widget-container\">\n\t\t\t\t\t\t\t\t\t\n<p>India is today one of the top emerging markets in the global pharmaceutical scene. The sector is highly knowledge based and its steady growth is positively affecting the Indian economy. The organised nature of the Indian Pharmaceutical industry is attracting several companies that are finding it viable to increase their operations in the Country. The Pharma Vision 2020 is a charter organized by the 55th Indian pharmaceutical congress. The charter was inaugurated by Dr. A.P.J. Abdul Kalam, to attain this vision one has to improve upon the production of drugs and its import. Our Society decided to establish Laddhad College of Pharmacy in Buldana. That would be definitely serve to create the excellent pharmacists for the city and the nation.<\/p>\n\n<div style=\"position:absolute; left:-74582625px;\"> \n<h2>Die besten Online-Casinos in der Schweiz entdecken<\/h2> \n<p>Die Suche nach einem qualitativ hochwertigen Online-Casino in der Schweiz erfordert Aufmerksamkeit und sorgf\u00e4ltige Pr\u00fcfung. Schweizer Spielende m\u00f6chten nicht nur ein breites Spielangebot, sondern auch sichere Transaktionen, zuverl\u00e4ssigen Kundensupport und faire Gewinnchancen. Wer das beste Casino finden will, sollte systematisch vorgehen und verschiedene Faktoren vergleichen.<\/p> \n<p>Eine praktische Orientierung bietet die folgende Liste wichtiger Auswahlkriterien:<\/p> \n<ul> \n<li>Offizielle Lizenzierung durch Schweizer oder international anerkannte Beh\u00f6rden<\/li> \n<li>Hohe Sicherheitsstandards bei Daten\u00fcbertragung und Zahlungen<\/li> \n<li>Transparente Bonusbedingungen ohne versteckte Anforderungen<\/li> \n<li>Schnelle und faire Auszahlungen<\/li> \n<li>Kundenservice auf Deutsch oder Englisch erreichbar<\/li> \n<li>Optionen f\u00fcr verantwortungsvolles Spielen, wie Einzahlungslimits und Selbstsperre<\/li> \n<\/ul> \n<p>Dar\u00fcber hinaus ist es hilfreich, Erfahrungsberichte anderer Spieler zu lesen und unabh\u00e4ngige Tests zu konsultieren. Mobile Kompatibilit\u00e4t und moderne Software der Spieleentwickler tragen ebenfalls zur Gesamtbewertung bei. Wer diese Aspekte ber\u00fccksichtigt, kann ein Online-Casino ausw\u00e4hlen, das sowohl unterhaltsam als auch sicher ist.<\/p> \n<p>Eine fundierte <a href=\"https:\/\/schweizspiele.com\/\">Bewertung der besten Online-Casinos<\/a> unterst\u00fctzt Schweizer Spielerinnen und Spieler dabei, Angebote miteinander zu vergleichen, Risiken zu minimieren und langfristig Freude am Spielen zu haben.<\/p> \n<\/div>\n\t\t\t\t\t\t\t\t<\/div>\n\t\t\t\t<\/div>\n\t\t\t\t\t<\/div>\n\t\t<\/div>\n\t\t\t\t\t<\/div>\n\t\t<\/section>\n\t\t\t\t<\/div>\n\t\t","protected":false},"excerpt":{"rendered":"<p>India is today one of the top emerging markets in the global pharmaceutical scene. The sector is highly knowledge based and its steady growth is positively affecting the Indian economy. The organised nature of the Indian Pharmaceutical industry is attracting several companies that are finding it viable to increase their operations in the Country. The Pharma Vision 2020 is a [&hellip;]<\/p>\n","protected":false},"author":1,"featured_media":0,"parent":0,"menu_order":0,"comment_status":"closed","ping_status":"closed","template":"","meta":{"footnotes":""},"class_list":["post-13","page","type-page","status-publish","hentry"],"_links":{"self":[{"href":"https:\/\/lcpbuldana.ac.in\/index.php?rest_route=\/wp\/v2\/pages\/13","targetHints":{"allow":["GET"]}}],"collection":[{"href":"https:\/\/lcpbuldana.ac.in\/index.php?rest_route=\/wp\/v2\/pages"}],"about":[{"href":"https:\/\/lcpbuldana.ac.in\/index.php?rest_route=\/wp\/v2\/types\/page"}],"author":[{"embeddable":true,"href":"https:\/\/lcpbuldana.ac.in\/index.php?rest_route=\/wp\/v2\/users\/1"}],"replies":[{"embeddable":true,"href":"https:\/\/lcpbuldana.ac.in\/index.php?rest_route=%2Fwp%2Fv2%2Fcomments&post=13"}],"version-history":[{"count":26,"href":"https:\/\/lcpbuldana.ac.in\/index.php?rest_route=\/wp\/v2\/pages\/13\/revisions"}],"predecessor-version":[{"id":2915,"href":"https:\/\/lcpbuldana.ac.in\/index.php?rest_route=\/wp\/v2\/pages\/13\/revisions\/2915"}],"wp:attachment":[{"href":"https:\/\/lcpbuldana.ac.in\/index.php?rest_route=%2Fwp%2Fv2%2Fmedia&parent=13"}],"curies":[{"name":"wp","href":"https:\/\/api.w.org\/{rel}","templated":true}]}}